{"id":75,"date":"2014-02-23T12:46:56","date_gmt":"2014-02-23T10:46:56","guid":{"rendered":"https:\/\/www.viktoria-preussen.de\/turnen\/?page_id=75"},"modified":"2014-07-31T09:36:17","modified_gmt":"2014-07-31T07:36:17","slug":"so-finden-sie-uns","status":"publish","type":"page","link":"https:\/\/www.viktoria-preussen.de\/turnen\/?page_id=75","title":{"rendered":"So finden Sie uns&#8230;"},"content":{"rendered":"<p><iframe loading=\"lazy\" src=\"https:\/\/mapsengine.google.com\/map\/embed?mid=z1Izir1fILPM.knz0hqphIZEc\" width=\"640\" height=\"480\"><\/iframe><\/p>\n<p>&nbsp;<\/p>\n<h3><strong>Theobald-Ziegler-Schule<\/strong><\/h3>\n<p><img loading=\"lazy\" decoding=\"async\" class=\"alignnone size-full wp-image-115\" src=\"https:\/\/www.viktoria-preussen.de\/turnen\/wp-content\/uploads\/2014\/02\/016-1-Bild-1-Theobald-Ziegler-Schule.jpg\" alt=\"016-1 - Bild 1 - Theobald-Ziegler-Schule\" width=\"468\" height=\"312\" srcset=\"https:\/\/www.viktoria-preussen.de\/turnen\/wp-content\/uploads\/2014\/02\/016-1-Bild-1-Theobald-Ziegler-Schule.jpg 468w, https:\/\/www.viktoria-preussen.de\/turnen\/wp-content\/uploads\/2014\/02\/016-1-Bild-1-Theobald-Ziegler-Schule-300x200.jpg 300w\" sizes=\"auto, (max-width: 468px) 100vw, 468px\" \/><\/p>\n<p><span style=\"line-height: 1.5em;\">Theobald-Ziegler-Str. 10<\/span><br \/>\nU-Bahn U5, Haltestelle Theobald-Ziegler-Stra\u00dfe<\/p>\n<p>&nbsp;<\/p>\n<h3><strong>M\u00fcnzenbergerschule<\/strong><\/h3>\n<p><img loading=\"lazy\" decoding=\"async\" class=\"alignnone size-full wp-image-116\" src=\"https:\/\/www.viktoria-preussen.de\/turnen\/wp-content\/uploads\/2014\/02\/016-2-Bild-2-M\u00fcnzenberger-Schule.jpg\" alt=\"016-2 - Bild 2 - M\u00fcnzenberger Schule\" width=\"468\" height=\"252\" srcset=\"https:\/\/www.viktoria-preussen.de\/turnen\/wp-content\/uploads\/2014\/02\/016-2-Bild-2-M\u00fcnzenberger-Schule.jpg 468w, https:\/\/www.viktoria-preussen.de\/turnen\/wp-content\/uploads\/2014\/02\/016-2-Bild-2-M\u00fcnzenberger-Schule-300x161.jpg 300w\" sizes=\"auto, (max-width: 468px) 100vw, 468px\" \/><\/p>\n<p><span style=\"line-height: 1.5em;\">Engelthaler Str. 34<\/span><br \/>\nBus 39, Haltestelle Eckenheimer Friedhof<br \/>\nU-Bahn U5, Haltestelle Ronneburgstra\u00dfe<\/p>\n<p>&nbsp;<\/p>\n<h3><strong>Liesel-Oestreicher-Schule<\/strong><\/h3>\n<p><img loading=\"lazy\" decoding=\"async\" class=\"alignnone size-full wp-image-117\" src=\"https:\/\/www.viktoria-preussen.de\/turnen\/wp-content\/uploads\/2014\/02\/016-3-Bild-1-Liesel-Oestreicher-Schule.jpg\" alt=\"016-3 - Bild 1 - Liesel-Oestreicher-Schule\" width=\"468\" height=\"195\" srcset=\"https:\/\/www.viktoria-preussen.de\/turnen\/wp-content\/uploads\/2014\/02\/016-3-Bild-1-Liesel-Oestreicher-Schule.jpg 468w, https:\/\/www.viktoria-preussen.de\/turnen\/wp-content\/uploads\/2014\/02\/016-3-Bild-1-Liesel-Oestreicher-Schule-300x125.jpg 300w\" sizes=\"auto, (max-width: 468px) 100vw, 468px\" \/><\/p>\n<p><span style=\"line-height: 1.5em;\">Boskoopstr. 6<\/span><br \/>\nStra\u00dfenbahn 18, Haltestelle Gravensteiner Platz<\/p>\n<p>&nbsp;<\/p>\n<h3><strong>W\u00f6hlerschule<\/strong><\/h3>\n<p><img loading=\"lazy\" decoding=\"async\" class=\"alignnone size-full wp-image-118\" src=\"https:\/\/www.viktoria-preussen.de\/turnen\/wp-content\/uploads\/2014\/02\/016-4-Bild-2-W\u00f6hlerschule.jpg\" alt=\"016-4 - Bild 2 - W\u00f6hlerschule\" width=\"468\" height=\"312\" srcset=\"https:\/\/www.viktoria-preussen.de\/turnen\/wp-content\/uploads\/2014\/02\/016-4-Bild-2-W\u00f6hlerschule.jpg 468w, https:\/\/www.viktoria-preussen.de\/turnen\/wp-content\/uploads\/2014\/02\/016-4-Bild-2-W\u00f6hlerschule-300x200.jpg 300w\" sizes=\"auto, (max-width: 468px) 100vw, 468px\" \/><\/p>\n<p><span style=\"line-height: 1.5em;\">Hintereingang Marbachweg 308<\/span><br \/>\nBus 34, Haltestelle Kaiser-Siegmund-Stra\u00dfe<\/p>\n<p>&nbsp;<\/p>\n<p>&nbsp;<\/p>\n","protected":false},"excerpt":{"rendered":"<p>&nbsp; Theobald-Ziegler-Schule Theobald-Ziegler-Str. 10 U-Bahn U5, Haltestelle Theobald-Ziegler-Stra\u00dfe &nbsp; M\u00fcnzenbergerschule Engelthaler Str. 34 Bus 39, Haltestelle Eckenheimer Friedhof U-Bahn U5, Haltestelle Ronneburgstra\u00dfe &nbsp; Liesel-Oestreicher-Schule Boskoopstr. 6 Stra\u00dfenbahn 18, Haltestelle Gravensteiner Platz &nbsp; W\u00f6hlerschule Hintereingang Marbachweg 308 Bus 34, Haltestelle Kaiser-Siegmund-Stra\u00dfe &nbsp; &nbsp;<\/p>\n","protected":false},"author":1,"featured_media":0,"parent":0,"menu_order":0,"comment_status":"closed","ping_status":"closed","template":"","meta":{"footnotes":""},"class_list":["post-75","page","type-page","status-publish","hentry"],"_links":{"self":[{"href":"https:\/\/www.viktoria-preussen.de\/turnen\/index.php?rest_route=\/wp\/v2\/pages\/75","targetHints":{"allow":["GET"]}}],"collection":[{"href":"https:\/\/www.viktoria-preussen.de\/turnen\/index.php?rest_route=\/wp\/v2\/pages"}],"about":[{"href":"https:\/\/www.viktoria-preussen.de\/turnen\/index.php?rest_route=\/wp\/v2\/types\/page"}],"author":[{"embeddable":true,"href":"https:\/\/www.viktoria-preussen.de\/turnen\/index.php?rest_route=\/wp\/v2\/users\/1"}],"replies":[{"embeddable":true,"href":"https:\/\/www.viktoria-preussen.de\/turnen\/index.php?rest_route=%2Fwp%2Fv2%2Fcomments&post=75"}],"version-history":[{"count":12,"href":"https:\/\/www.viktoria-preussen.de\/turnen\/index.php?rest_route=\/wp\/v2\/pages\/75\/revisions"}],"predecessor-version":[{"id":177,"href":"https:\/\/www.viktoria-preussen.de\/turnen\/index.php?rest_route=\/wp\/v2\/pages\/75\/revisions\/177"}],"wp:attachment":[{"href":"https:\/\/www.viktoria-preussen.de\/turnen\/index.php?rest_route=%2Fwp%2Fv2%2Fmedia&parent=75"}],"curies":[{"name":"wp","href":"https:\/\/api.w.org\/{rel}","templated":true}]}}