{"id":144,"date":"2014-04-16T12:27:22","date_gmt":"2014-04-16T10:27:22","guid":{"rendered":"https:\/\/www.viktoria-preussen.de\/turnen\/?page_id=144"},"modified":"2025-08-18T21:35:00","modified_gmt":"2025-08-18T19:35:00","slug":"aktuelles","status":"publish","type":"page","link":"https:\/\/www.viktoria-preussen.de\/turnen\/?page_id=144","title":{"rendered":"Aktuelles"},"content":{"rendered":"\n<div class=\"wp-block-group\"><div class=\"wp-block-group__inner-container is-layout-flow wp-block-group-is-layout-flow\">\n<header class=\"mx-auto flex max-w-5xl flex-col text-left\"><header class=\"mx-auto flex max-w-5xl flex-col text-left\">\n<h2 class=\"text-left text-3xl font-medium tracking-tight [text-wrap:balance] text-zinc-950 sm:text-4xl\"><span style=\"color: #339966;\">Abteilungsversammlung 2025<\/span><\/h2>\n<div class=\"flex text-emerald-800 text-lg items-baseline gap-x-2 mt-2 color-primary\">Am Montag, den 27.10.2025 um 19:00 Uhr findet die diesj\u00e4hrige Abteilungsversammlung in der Sporthalle der Theobald Ziegler Schule statt:<\/div>\n<\/header><\/header>\n<div>\u00a0<\/div>\n<div><a href=\"https:\/\/www.viktoria-preussen.de\/turnen\/wp-content\/uploads\/2025\/08\/abteilungsversammlung-turnen-2025-einladung.pdf\">abteilungsversammlung-turnen-2025-einladung<\/a><\/div>\n<header class=\"mx-auto flex max-w-5xl flex-col text-left\">\n<p>&nbsp;<\/p>\n<hr \/>\n<p>&nbsp;<\/p>\n<h2 class=\"text-left text-3xl font-medium tracking-tight [text-wrap:balance] text-zinc-950 sm:text-4xl\"><span style=\"color: #339966;\">Sommerfest auf dem Gravensteiner Platz<\/span><\/h2>\n<div class=\"flex text-emerald-800 text-lg items-baseline gap-x-2 mt-2 color-primary\">Am Samstag, 28. Juni 2025, findet von 14 bis 22 Uhr das Sommerfest auf dem Gravensteiner Platz statt. Wir sind dieses Jahr mit einem Sektstand vertreten. Wir freuen uns auf einen tollen, sonnigen Tag mit vielen gut gelaunten Teilnehmern!<\/div>\n<\/header>\n<p>&nbsp;<\/p>\n<hr \/>\n<p>&nbsp;<\/p>\n<header class=\"mx-auto flex max-w-5xl flex-col text-left\">\n<h2 class=\"text-left text-3xl font-medium tracking-tight [text-wrap:balance] text-zinc-950 sm:text-4xl\"><span style=\"color: #339966;\">Wir suchen&#8230;<\/span><\/h2>\n<div class=\"flex text-emerald-800 text-lg items-baseline gap-x-2 mt-2 color-primary\">Wir sind auf der Suche nach Helferinnen und Helfer f\u00fcr unsere Gruppen, wenn du ca. 13 Jahre alt bist, Spa\u00df und Lust hast uns zu unterst\u00fctzen, sprich uns sehr gerne an! Wir freuen uns auf dich!<\/div>\n<\/header>\n<div>\u00a0<\/div>\n<div>\n<p>Kontakt: <strong style=\"font-size: 16px;\">Jugendleiterin <\/strong><span style=\"font-size: 16px;\">Christine Thurau-Stofledt, <\/span><a href=\"mailto:cstofledt@viktoria-preussen.de\">cstofledt@viktoria-preussen.de<\/a><\/p>\n<\/div>\n<p>&nbsp;<\/p>\n<hr \/>\n<p>&nbsp;<\/p>\n<h2><span style=\"color: #339966;\">Lust auf Volleyball?<\/span><\/h2>\n<h2><span style=\"color: #339966;\">Ab sofort haben wir freitags eine neue Volleyball Gruppen<\/span><\/h2>\n<p><strong>Trainingszeiten:<\/strong><\/p>\n<p>Jugendliche ab 16 Jahre (m\/w\/d)\u00a0<\/p>\n<p>Wir trainieren freitags von 19:00 &#8211; 20:30 Uhr<\/p>\n<p>&nbsp;<\/p>\n<p>Wo:<\/p>\n<p>Turnhalle der Theobald-Ziegler-Schule<\/p>\n<p><em><a href=\"https:\/\/www.viktoria-preussen.de\/turnen\/?page_id=142\">Weiter Informationen<\/a><\/em><\/p>\n<p>Mit sportlichen Gr\u00fc\u00dfen<\/p>\n<p><strong>Euer Team der Turnabteilung<\/strong><\/p>\n<p><strong>Christine Zwickl<\/strong><br \/>Abteilungsleiterin<br \/>czwickl@viktoria-preussen.de<\/p>\n<p><strong>Christine Stofledt<\/strong><br \/>Jugendleiterin<br \/>cstofledt@viktoria-preussen.de<\/p>\n<hr \/>\n<p>&nbsp;<\/p>\n<hr \/>\n\n\n\n<pre class=\"wp-block-code\"><code><\/code><\/pre>\n<\/div><\/div>\n","protected":false},"excerpt":{"rendered":"<p>Abteilungsversammlung 2025 Am Montag, den 27.10.2025 um 19:00 Uhr findet die diesj\u00e4hrige Abteilungsversammlung in der Sporthalle der Theobald Ziegler Schule statt: \u00a0 abteilungsversammlung-turnen-2025-einladung &nbsp; &nbsp; Sommerfest auf dem Gravensteiner Platz Am Samstag, 28. Juni 2025, findet von 14 bis 22 Uhr das Sommerfest auf dem Gravensteiner Platz statt. Wir sind dieses Jahr mit einem Sektstand [&hellip;]<\/p>\n","protected":false},"author":3,"featured_media":0,"parent":0,"menu_order":0,"comment_status":"closed","ping_status":"closed","template":"","meta":{"footnotes":""},"class_list":["post-144","page","type-page","status-publish","hentry"],"_links":{"self":[{"href":"https:\/\/www.viktoria-preussen.de\/turnen\/index.php?rest_route=\/wp\/v2\/pages\/144","targetHints":{"allow":["GET"]}}],"collection":[{"href":"https:\/\/www.viktoria-preussen.de\/turnen\/index.php?rest_route=\/wp\/v2\/pages"}],"about":[{"href":"https:\/\/www.viktoria-preussen.de\/turnen\/index.php?rest_route=\/wp\/v2\/types\/page"}],"author":[{"embeddable":true,"href":"https:\/\/www.viktoria-preussen.de\/turnen\/index.php?rest_route=\/wp\/v2\/users\/3"}],"replies":[{"embeddable":true,"href":"https:\/\/www.viktoria-preussen.de\/turnen\/index.php?rest_route=%2Fwp%2Fv2%2Fcomments&post=144"}],"version-history":[{"count":41,"href":"https:\/\/www.viktoria-preussen.de\/turnen\/index.php?rest_route=\/wp\/v2\/pages\/144\/revisions"}],"predecessor-version":[{"id":417,"href":"https:\/\/www.viktoria-preussen.de\/turnen\/index.php?rest_route=\/wp\/v2\/pages\/144\/revisions\/417"}],"wp:attachment":[{"href":"https:\/\/www.viktoria-preussen.de\/turnen\/index.php?rest_route=%2Fwp%2Fv2%2Fmedia&parent=144"}],"curies":[{"name":"wp","href":"https:\/\/api.w.org\/{rel}","templated":true}]}}